{"id":445,"date":"2025-11-17T10:03:48","date_gmt":"2025-11-17T10:03:48","guid":{"rendered":"https:\/\/hahader.org\/?page_id=445"},"modified":"2025-11-18T17:02:28","modified_gmt":"2025-11-18T17:02:28","slug":"gonullu-ol-basvuru-formu","status":"publish","type":"page","link":"https:\/\/hahader.org\/index.php\/gonullu-ol-basvuru-formu\/","title":{"rendered":"G\u00f6n\u00fcll\u00fc Ol Ba\u015fvuru Formu"},"content":{"rendered":"<style id=\"wpforms-css-vars-532-block-20702cf6-f202-40a9-8df0-a7d2faca8948\">\n\t\t\t\t#wpforms-532.wpforms-block-20702cf6-f202-40a9-8df0-a7d2faca8948 {\n\t\t\t\t--wpforms-field-size-input-height: 43px;\n--wpforms-field-size-input-spacing: 15px;\n--wpforms-field-size-font-size: 16px;\n--wpforms-field-size-line-height: 19px;\n--wpforms-field-size-padding-h: 14px;\n--wpforms-field-size-checkbox-size: 16px;\n--wpforms-field-size-sublabel-spacing: 5px;\n--wpforms-field-size-icon-size: 1;\n--wpforms-label-size-font-size: 16px;\n--wpforms-label-size-line-height: 19px;\n--wpforms-label-size-sublabel-font-size: 14px;\n--wpforms-label-size-sublabel-line-height: 17px;\n--wpforms-button-size-font-size: 17px;\n--wpforms-button-size-height: 41px;\n--wpforms-button-size-padding-h: 15px;\n--wpforms-button-size-margin-top: 10px;\n\t\t\t}\n\t\t\t<\/style><div class=\"wpforms-container wpforms-container-full wpforms-block wpforms-block-20702cf6-f202-40a9-8df0-a7d2faca8948 wpforms-render-modern\" id=\"wpforms-532\"><form id=\"wpforms-form-532\" class=\"wpforms-validate wpforms-form wpforms-ajax-form\" data-formid=\"532\" method=\"post\" enctype=\"multipart\/form-data\" action=\"\/index.php\/wp-json\/wp\/v2\/pages\/445\" data-token=\"a64c8a12e942207bf9c3e233bdc369e2\" data-token-time=\"1778782971\"><noscript class=\"wpforms-error-noscript\">Bu formu bitirebilmek i\u00e7in taray\u0131c\u0131n\u0131zda JavaScript&#039;i etkinle\u015ftirin.<\/noscript><div id=\"wpforms-error-noscript\" style=\"display: none;\">Bu formu bitirebilmek i\u00e7in taray\u0131c\u0131n\u0131zda JavaScript&#039;i etkinle\u015ftirin.<\/div><div class=\"wpforms-field-container\"><div id=\"wpforms-532-field_1-container\" class=\"wpforms-field wpforms-field-name\" data-field-id=\"1\"><fieldset><legend class=\"wpforms-field-label\">Ad\u0131 Soyad\u0131 <span class=\"wpforms-required-label\" aria-hidden=\"true\">*<\/span><\/legend><div class=\"wpforms-field-row wpforms-field-medium\"><div class=\"wpforms-field-row-block wpforms-first wpforms-one-half\"><input type=\"text\" id=\"wpforms-532-field_1\" class=\"wpforms-field-name-first wpforms-field-required\" name=\"wpforms[fields][1][first]\" aria-errormessage=\"wpforms-532-field_1-error\" required><label for=\"wpforms-532-field_1\" class=\"wpforms-field-sublabel after\">Ad<\/label><\/div><div class=\"wpforms-field-row-block wpforms-one-half\"><input type=\"text\" id=\"wpforms-532-field_1-last\" class=\"wpforms-field-name-last wpforms-field-required\" name=\"wpforms[fields][1][last]\" aria-errormessage=\"wpforms-532-field_1-last-error\" required><label for=\"wpforms-532-field_1-last\" class=\"wpforms-field-sublabel after\">Soyad<\/label><\/div><\/div><\/fieldset><\/div><div id=\"wpforms-532-field_2-container\" class=\"wpforms-field wpforms-field-number\" data-field-id=\"2\"><label class=\"wpforms-field-label\" for=\"wpforms-532-field_2\">Ya\u015f <span class=\"wpforms-required-label\" aria-hidden=\"true\">*<\/span><\/label><input type=\"number\" id=\"wpforms-532-field_2\" class=\"wpforms-field-medium wpforms-field-required\" name=\"wpforms[fields][2]\" step=\"any\" aria-errormessage=\"wpforms-532-field_2-error\" required><\/div><div id=\"wpforms-532-field_3-container\" class=\"wpforms-field wpforms-field-text\" data-field-id=\"3\"><label class=\"wpforms-field-label\" for=\"wpforms-532-field_3\">Telefon <span class=\"wpforms-required-label\" aria-hidden=\"true\">*<\/span><\/label><input type=\"text\" id=\"wpforms-532-field_3\" class=\"wpforms-field-medium wpforms-field-required\" name=\"wpforms[fields][3]\" aria-errormessage=\"wpforms-532-field_3-error\" required><\/div><div id=\"wpforms-532-field_4-container\" class=\"wpforms-field wpforms-field-email\" data-field-id=\"4\"><label class=\"wpforms-field-label\" for=\"wpforms-532-field_4\">E-posta <span class=\"wpforms-required-label\" aria-hidden=\"true\">*<\/span><\/label><input type=\"email\" id=\"wpforms-532-field_4\" class=\"wpforms-field-medium wpforms-field-required\" name=\"wpforms[fields][4]\" spellcheck=\"false\" aria-errormessage=\"wpforms-532-field_4-error\" required><\/div><div id=\"wpforms-532-field_5-container\" class=\"wpforms-field wpforms-field-text\" data-field-id=\"5\"><label class=\"wpforms-field-label\" for=\"wpforms-532-field_5\">\u0130l\/\u0130l\u00e7e <span class=\"wpforms-required-label\" aria-hidden=\"true\">*<\/span><\/label><input type=\"text\" id=\"wpforms-532-field_5\" class=\"wpforms-field-medium wpforms-field-required\" name=\"wpforms[fields][5]\" aria-errormessage=\"wpforms-532-field_5-error\" required><\/div>\t\t<div id=\"wpforms-532-field_6-container\"\n\t\t\tclass=\"wpforms-field wpforms-field-text\"\n\t\t\tdata-field-type=\"text\"\n\t\t\tdata-field-id=\"6\"\n\t\t\t>\n\t\t\t<label class=\"wpforms-field-label\" for=\"wpforms-532-field_6\" >\u0130stersiniz? bildirimi(varsa) kullan\u0131yor<\/label>\n\t\t\t<input type=\"text\" id=\"wpforms-532-field_6\" class=\"wpforms-field-medium\" name=\"wpforms[fields][6]\" >\n\t\t<\/div>\n\t\t<div id=\"wpforms-532-field_22-container\" class=\"wpforms-field wpforms-field-select wpforms-field-select-style-classic\" data-field-id=\"22\"><label class=\"wpforms-field-label\" for=\"wpforms-532-field_22\">Haftada ka\u00e7 g\u00fcn destek olabilirsiniz?<\/label><select id=\"wpforms-532-field_22\" class=\"wpforms-field-medium\" name=\"wpforms[fields][22]\"><option value=\"1 g\u00fcn\"  class=\"choice-1 depth-1\"  >1 g\u00fcn<\/option><option value=\"2 g\u00fcn\"  class=\"choice-2 depth-1\"  >2 g\u00fcn<\/option><option value=\"3 g\u00fcn\"  class=\"choice-3 depth-1\"  >3 g\u00fcn<\/option><option value=\"4+g\u00fcn\"  class=\"choice-4 depth-1\"  >4+g\u00fcn<\/option><\/select><\/div><div id=\"wpforms-532-field_14-container\" class=\"wpforms-field wpforms-field-radio\" data-field-id=\"14\"><fieldset><legend class=\"wpforms-field-label\">Tercih etti\u011finiz g\u00fcnler <span class=\"wpforms-required-label\" aria-hidden=\"true\">*<\/span><\/legend><ul id=\"wpforms-532-field_14\" class=\"wpforms-field-required\"><li class=\"choice-1 depth-1\"><input type=\"radio\" id=\"wpforms-532-field_14_1\" name=\"wpforms[fields][14]\" value=\"Pazartesi\" aria-errormessage=\"wpforms-532-field_14_1-error\" required ><label class=\"wpforms-field-label-inline\" for=\"wpforms-532-field_14_1\">Pazartesi<\/label><\/li><li class=\"choice-2 depth-1\"><input type=\"radio\" id=\"wpforms-532-field_14_2\" name=\"wpforms[fields][14]\" value=\"Sal\u0131\" aria-errormessage=\"wpforms-532-field_14_2-error\" required ><label class=\"wpforms-field-label-inline\" for=\"wpforms-532-field_14_2\">Sal\u0131<\/label><\/li><li class=\"choice-3 depth-1\"><input type=\"radio\" id=\"wpforms-532-field_14_3\" name=\"wpforms[fields][14]\" value=\"\u00c7ar\u015famba\" aria-errormessage=\"wpforms-532-field_14_3-error\" required ><label class=\"wpforms-field-label-inline\" for=\"wpforms-532-field_14_3\">\u00c7ar\u015famba<\/label><\/li><li class=\"choice-6 depth-1\"><input type=\"radio\" id=\"wpforms-532-field_14_6\" name=\"wpforms[fields][14]\" value=\"Per\u015fembe\" aria-errormessage=\"wpforms-532-field_14_6-error\" required ><label class=\"wpforms-field-label-inline\" for=\"wpforms-532-field_14_6\">Per\u015fembe<\/label><\/li><li class=\"choice-5 depth-1\"><input type=\"radio\" id=\"wpforms-532-field_14_5\" name=\"wpforms[fields][14]\" value=\"Cuma\" aria-errormessage=\"wpforms-532-field_14_5-error\" required ><label class=\"wpforms-field-label-inline\" for=\"wpforms-532-field_14_5\">Cuma<\/label><\/li><li class=\"choice-4 depth-1\"><input type=\"radio\" id=\"wpforms-532-field_14_4\" name=\"wpforms[fields][14]\" value=\"Cumartesi\" aria-errormessage=\"wpforms-532-field_14_4-error\" required ><label class=\"wpforms-field-label-inline\" for=\"wpforms-532-field_14_4\">Cumartesi<\/label><\/li><li class=\"choice-7 depth-1\"><input type=\"radio\" id=\"wpforms-532-field_14_7\" name=\"wpforms[fields][14]\" value=\"Pazar\" aria-errormessage=\"wpforms-532-field_14_7-error\" required ><label class=\"wpforms-field-label-inline\" for=\"wpforms-532-field_14_7\">Pazar<\/label><\/li><\/ul><\/fieldset><\/div><div id=\"wpforms-532-field_16-container\" class=\"wpforms-field wpforms-field-radio\" data-field-id=\"16\"><fieldset><legend class=\"wpforms-field-label\">Evcil hayvan tecr\u00fcbeniz var m\u0131?<\/legend><ul id=\"wpforms-532-field_16\"><li class=\"choice-1 depth-1\"><input type=\"radio\" id=\"wpforms-532-field_16_1\" name=\"wpforms[fields][16]\" value=\"Evet\" aria-errormessage=\"wpforms-532-field_16_1-error\"  ><label class=\"wpforms-field-label-inline\" for=\"wpforms-532-field_16_1\">Evet<\/label><\/li><li class=\"choice-2 depth-1\"><input type=\"radio\" id=\"wpforms-532-field_16_2\" name=\"wpforms[fields][16]\" value=\"Hay\u0131r\" aria-errormessage=\"wpforms-532-field_16_2-error\"  ><label class=\"wpforms-field-label-inline\" for=\"wpforms-532-field_16_2\">Hay\u0131r<\/label><\/li><\/ul><\/fieldset><\/div><div id=\"wpforms-532-field_17-container\" class=\"wpforms-field wpforms-field-radio\" data-field-id=\"17\"><fieldset><legend class=\"wpforms-field-label\">Ara\u00e7 kullan\u0131yor musunuz?<\/legend><ul id=\"wpforms-532-field_17\"><li class=\"choice-1 depth-1\"><input type=\"radio\" id=\"wpforms-532-field_17_1\" name=\"wpforms[fields][17]\" value=\"Evet\" aria-errormessage=\"wpforms-532-field_17_1-error\"  ><label class=\"wpforms-field-label-inline\" for=\"wpforms-532-field_17_1\">Evet<\/label><\/li><li class=\"choice-2 depth-1\"><input type=\"radio\" id=\"wpforms-532-field_17_2\" name=\"wpforms[fields][17]\" value=\"Hay\u0131r\" aria-errormessage=\"wpforms-532-field_17_2-error\"  ><label class=\"wpforms-field-label-inline\" for=\"wpforms-532-field_17_2\">Hay\u0131r<\/label><\/li><li class=\"choice-3 depth-1\"><input type=\"radio\" id=\"wpforms-532-field_17_3\" name=\"wpforms[fields][17]\" value=\"Ehliyetim var\" aria-errormessage=\"wpforms-532-field_17_3-error\"  ><label class=\"wpforms-field-label-inline\" for=\"wpforms-532-field_17_3\">Ehliyetim var<\/label><\/li><\/ul><\/fieldset><\/div><div id=\"wpforms-532-field_12-container\" class=\"wpforms-field wpforms-field-radio\" data-field-id=\"12\"><fieldset><legend class=\"wpforms-field-label\">Hangi Alanlarda G\u00f6n\u00fcll\u00fc Olmak \u0130stersiniz? <span class=\"wpforms-required-label\" aria-hidden=\"true\">*<\/span><\/legend><ul id=\"wpforms-532-field_12\" class=\"wpforms-field-required\"><li class=\"choice-1 depth-1\"><input type=\"radio\" id=\"wpforms-532-field_12_1\" name=\"wpforms[fields][12]\" value=\"Saha beslemesi\" aria-errormessage=\"wpforms-532-field_12_1-error\" required ><label class=\"wpforms-field-label-inline\" for=\"wpforms-532-field_12_1\">Saha beslemesi<\/label><\/li><li class=\"choice-2 depth-1\"><input type=\"radio\" id=\"wpforms-532-field_12_2\" name=\"wpforms[fields][12]\" value=\"Sosyal medya i\u00e7erik \u00fcretimi\" aria-errormessage=\"wpforms-532-field_12_2-error\" required ><label class=\"wpforms-field-label-inline\" for=\"wpforms-532-field_12_2\">Sosyal medya i\u00e7erik \u00fcretimi<\/label><\/li><li class=\"choice-3 depth-1\"><input type=\"radio\" id=\"wpforms-532-field_12_3\" name=\"wpforms[fields][12]\" value=\"Foto\u011fraf video \u00e7ekimi\" aria-errormessage=\"wpforms-532-field_12_3-error\" required ><label class=\"wpforms-field-label-inline\" for=\"wpforms-532-field_12_3\">Foto\u011fraf video \u00e7ekimi<\/label><\/li><li class=\"choice-4 depth-1\"><input type=\"radio\" id=\"wpforms-532-field_12_4\" name=\"wpforms[fields][12]\" value=\"\u00c7eviri\" aria-errormessage=\"wpforms-532-field_12_4-error\" required ><label class=\"wpforms-field-label-inline\" for=\"wpforms-532-field_12_4\">\u00c7eviri<\/label><\/li><li class=\"choice-5 depth-1\"><input type=\"radio\" id=\"wpforms-532-field_12_5\" name=\"wpforms[fields][12]\" value=\"Etkinliklerde g\u00f6rev\" aria-errormessage=\"wpforms-532-field_12_5-error\" required ><label class=\"wpforms-field-label-inline\" for=\"wpforms-532-field_12_5\">Etkinliklerde g\u00f6rev<\/label><\/li><li class=\"choice-8 depth-1\"><input type=\"radio\" id=\"wpforms-532-field_12_8\" name=\"wpforms[fields][12]\" value=\"Do\u011fa\/\u00e7evre projeleri\" aria-errormessage=\"wpforms-532-field_12_8-error\" required ><label class=\"wpforms-field-label-inline\" for=\"wpforms-532-field_12_8\">Do\u011fa\/\u00e7evre projeleri<\/label><\/li><li class=\"choice-7 depth-1\"><input type=\"radio\" id=\"wpforms-532-field_12_7\" name=\"wpforms[fields][12]\" value=\"Evden g\u00f6n\u00fcll\u00fck\" aria-errormessage=\"wpforms-532-field_12_7-error\" required ><label class=\"wpforms-field-label-inline\" for=\"wpforms-532-field_12_7\">Evden g\u00f6n\u00fcll\u00fck<\/label><\/li><li class=\"choice-9 depth-1 wpforms-other-choice\"><input type=\"radio\" id=\"wpforms-532-field_12_9\" data-other-choice=\"true\" name=\"wpforms[fields][12]\" value=\"Di\u011fer\" aria-errormessage=\"wpforms-532-field_12_9-error\" required ><label class=\"wpforms-field-label-inline\" for=\"wpforms-532-field_12_9\">Di\u011fer<\/label><\/li><\/ul><input type=\"text\" id=\"wpforms-532-field_12_other\" class=\"wpforms-other-input wpforms-field-required wpforms-field-medium wpforms-hidden\" name=\"wpforms[fields][12][other]\" disabled=\"disabled\" required><\/fieldset><\/div><div id=\"wpforms-532-field_18-container\" class=\"wpforms-field wpforms-field-textarea\" data-field-id=\"18\"><label class=\"wpforms-field-label\" for=\"wpforms-532-field_18\">Neden g\u00f6n\u00fcll\u00fc olmak istiyorsunuz? <span class=\"wpforms-required-label\" aria-hidden=\"true\">*<\/span><\/label><textarea id=\"wpforms-532-field_18\" class=\"wpforms-field-medium wpforms-field-required\" name=\"wpforms[fields][18]\" aria-errormessage=\"wpforms-532-field_18-error\" required><\/textarea><\/div><div id=\"wpforms-532-field_19-container\" class=\"wpforms-field wpforms-field-textarea\" data-field-id=\"19\"><label class=\"wpforms-field-label\" for=\"wpforms-532-field_19\">Daha \u00f6nce g\u00f6n\u00fcll\u00fcl\u00fck deneyiminiz oldu mu?<\/label><textarea id=\"wpforms-532-field_19\" class=\"wpforms-field-medium\" name=\"wpforms[fields][19]\" aria-errormessage=\"wpforms-532-field_19-error\" ><\/textarea><\/div><div id=\"wpforms-532-field_20-container\" class=\"wpforms-field wpforms-field-textarea\" data-field-id=\"20\"><label class=\"wpforms-field-label\" for=\"wpforms-532-field_20\">Sa\u011fl\u0131k veya \u00f6zel durum bildirimi(varsa)<\/label><textarea id=\"wpforms-532-field_20\" class=\"wpforms-field-medium\" name=\"wpforms[fields][20]\" aria-errormessage=\"wpforms-532-field_20-error\" ><\/textarea><\/div><div id=\"wpforms-532-field_21-container\" class=\"wpforms-field wpforms-field-checkbox\" data-field-id=\"21\"><fieldset><legend class=\"wpforms-field-label\">KVKK Onay\u0131 <span class=\"wpforms-required-label\" aria-hidden=\"true\">*<\/span><\/legend><ul id=\"wpforms-532-field_21\" class=\"wpforms-field-required\"><li class=\"choice-1 depth-1\"><input type=\"checkbox\" id=\"wpforms-532-field_21_1\" name=\"wpforms[fields][21][]\" value=\"&quot;Ki\u015fisel verilerimin HAHADER g\u00f6n\u00fcll\u00fcl\u00fck faaliyetleri kapsam\u0131nda i\u015flenmesini kabul ediyorum.&quot;\" aria-errormessage=\"wpforms-532-field_21_1-error\" required ><label class=\"wpforms-field-label-inline\" for=\"wpforms-532-field_21_1\">&#8220;Ki\u015fisel verilerimin HAHADER g\u00f6n\u00fcll\u00fcl\u00fck faaliyetleri kapsam\u0131nda i\u015flenmesini kabul ediyorum.&#8221;<\/label><\/li><\/ul><\/fieldset><\/div><script>\n\t\t\t\t( function() {\n\t\t\t\t\tconst style = document.createElement( 'style' );\n\t\t\t\t\tstyle.appendChild( document.createTextNode( '#wpforms-532-field_6-container { position: absolute !important; overflow: hidden !important; display: inline !important; height: 1px !important; width: 1px !important; z-index: -1000 !important; padding: 0 !important; } #wpforms-532-field_6-container input { visibility: hidden; } #wpforms-conversational-form-page #wpforms-532-field_6-container label { counter-increment: none; }' ) );\n\t\t\t\t\tdocument.head.appendChild( style );\n\t\t\t\t\tdocument.currentScript?.remove();\n\t\t\t\t} )();\n\t\t\t<\/script><\/div><!-- .wpforms-field-container --><div class=\"wpforms-submit-container\" ><input type=\"hidden\" name=\"wpforms[id]\" value=\"532\"><input type=\"hidden\" name=\"page_title\" value=\"\"><input type=\"hidden\" name=\"page_url\" value=\"https:\/\/hahader.org\/index.php\/wp-json\/wp\/v2\/pages\/445\"><input type=\"hidden\" name=\"url_referer\" value=\"\"><button type=\"submit\" name=\"wpforms[submit]\" id=\"wpforms-submit-532\" class=\"wpforms-submit\" data-alt-text=\"G\u00f6nderiliyor...\" data-submit-text=\"G\u00f6nder\" aria-live=\"assertive\" value=\"wpforms-submit\">G\u00f6nder<\/button><img loading=\"lazy\" decoding=\"async\" src=\"https:\/\/hahader.org\/wp-content\/plugins\/wpforms-lite\/assets\/images\/submit-spin.svg\" class=\"wpforms-submit-spinner\" style=\"display: none;\" width=\"26\" height=\"26\" alt=\"Y\u00fckleniyor\"><\/div><\/form><\/div>  <!-- .wpforms-container -->","protected":false},"excerpt":{"rendered":"","protected":false},"author":1,"featured_media":0,"parent":0,"menu_order":0,"comment_status":"closed","ping_status":"closed","template":"","meta":{"_kadence_starter_templates_imported_post":false,"_kad_post_transparent":"","_kad_post_title":"","_kad_post_layout":"","_kad_post_sidebar_id":"","_kad_post_content_style":"","_kad_post_vertical_padding":"","_kad_post_feature":"","_kad_post_feature_position":"","_kad_post_header":false,"_kad_post_footer":false,"_kad_post_classname":"","footnotes":""},"class_list":["post-445","page","type-page","status-publish","hentry"],"yoast_head":"<!-- This site is optimized with the Yoast SEO plugin v26.0 - https:\/\/yoast.com\/wordpress\/plugins\/seo\/ -->\n<title>G\u00f6n\u00fcll\u00fc Ol Ba\u015fvuru Formu -<\/title>\n<meta name=\"robots\" content=\"index, follow, max-snippet:-1, max-image-preview:large, max-video-preview:-1\" \/>\n<link rel=\"canonical\" href=\"https:\/\/hahader.org\/index.php\/gonullu-ol-basvuru-formu\/\" \/>\n<meta property=\"og:locale\" content=\"tr_TR\" \/>\n<meta property=\"og:type\" content=\"article\" \/>\n<meta property=\"og:title\" content=\"G\u00f6n\u00fcll\u00fc Ol Ba\u015fvuru Formu -\" \/>\n<meta property=\"og:url\" content=\"https:\/\/hahader.org\/index.php\/gonullu-ol-basvuru-formu\/\" \/>\n<meta property=\"article:modified_time\" content=\"2025-11-18T17:02:28+00:00\" \/>\n<meta name=\"twitter:card\" content=\"summary_large_image\" \/>\n<script type=\"application\/ld+json\" class=\"yoast-schema-graph\">{\"@context\":\"https:\/\/schema.org\",\"@graph\":[{\"@type\":\"WebPage\",\"@id\":\"https:\/\/hahader.org\/index.php\/gonullu-ol-basvuru-formu\/\",\"url\":\"https:\/\/hahader.org\/index.php\/gonullu-ol-basvuru-formu\/\",\"name\":\"G\u00f6n\u00fcll\u00fc Ol Ba\u015fvuru Formu -\",\"isPartOf\":{\"@id\":\"https:\/\/hahader.org\/#website\"},\"datePublished\":\"2025-11-17T10:03:48+00:00\",\"dateModified\":\"2025-11-18T17:02:28+00:00\",\"breadcrumb\":{\"@id\":\"https:\/\/hahader.org\/index.php\/gonullu-ol-basvuru-formu\/#breadcrumb\"},\"inLanguage\":\"tr\",\"potentialAction\":[{\"@type\":\"ReadAction\",\"target\":[\"https:\/\/hahader.org\/index.php\/gonullu-ol-basvuru-formu\/\"]}]},{\"@type\":\"BreadcrumbList\",\"@id\":\"https:\/\/hahader.org\/index.php\/gonullu-ol-basvuru-formu\/#breadcrumb\",\"itemListElement\":[{\"@type\":\"ListItem\",\"position\":1,\"name\":\"Anasayfa\",\"item\":\"https:\/\/hahader.org\/\"},{\"@type\":\"ListItem\",\"position\":2,\"name\":\"G\u00f6n\u00fcll\u00fc Ol Ba\u015fvuru Formu\"}]},{\"@type\":\"WebSite\",\"@id\":\"https:\/\/hahader.org\/#website\",\"url\":\"https:\/\/hahader.org\/\",\"name\":\"\",\"description\":\"\",\"potentialAction\":[{\"@type\":\"SearchAction\",\"target\":{\"@type\":\"EntryPoint\",\"urlTemplate\":\"https:\/\/hahader.org\/?s={search_term_string}\"},\"query-input\":{\"@type\":\"PropertyValueSpecification\",\"valueRequired\":true,\"valueName\":\"search_term_string\"}}],\"inLanguage\":\"tr\"}]}<\/script>\n<!-- \/ Yoast SEO plugin. -->","yoast_head_json":{"title":"G\u00f6n\u00fcll\u00fc Ol Ba\u015fvuru Formu -","robots":{"index":"index","follow":"follow","max-snippet":"max-snippet:-1","max-image-preview":"max-image-preview:large","max-video-preview":"max-video-preview:-1"},"canonical":"https:\/\/hahader.org\/index.php\/gonullu-ol-basvuru-formu\/","og_locale":"tr_TR","og_type":"article","og_title":"G\u00f6n\u00fcll\u00fc Ol Ba\u015fvuru Formu -","og_url":"https:\/\/hahader.org\/index.php\/gonullu-ol-basvuru-formu\/","article_modified_time":"2025-11-18T17:02:28+00:00","twitter_card":"summary_large_image","schema":{"@context":"https:\/\/schema.org","@graph":[{"@type":"WebPage","@id":"https:\/\/hahader.org\/index.php\/gonullu-ol-basvuru-formu\/","url":"https:\/\/hahader.org\/index.php\/gonullu-ol-basvuru-formu\/","name":"G\u00f6n\u00fcll\u00fc Ol Ba\u015fvuru Formu -","isPartOf":{"@id":"https:\/\/hahader.org\/#website"},"datePublished":"2025-11-17T10:03:48+00:00","dateModified":"2025-11-18T17:02:28+00:00","breadcrumb":{"@id":"https:\/\/hahader.org\/index.php\/gonullu-ol-basvuru-formu\/#breadcrumb"},"inLanguage":"tr","potentialAction":[{"@type":"ReadAction","target":["https:\/\/hahader.org\/index.php\/gonullu-ol-basvuru-formu\/"]}]},{"@type":"BreadcrumbList","@id":"https:\/\/hahader.org\/index.php\/gonullu-ol-basvuru-formu\/#breadcrumb","itemListElement":[{"@type":"ListItem","position":1,"name":"Anasayfa","item":"https:\/\/hahader.org\/"},{"@type":"ListItem","position":2,"name":"G\u00f6n\u00fcll\u00fc Ol Ba\u015fvuru Formu"}]},{"@type":"WebSite","@id":"https:\/\/hahader.org\/#website","url":"https:\/\/hahader.org\/","name":"","description":"","potentialAction":[{"@type":"SearchAction","target":{"@type":"EntryPoint","urlTemplate":"https:\/\/hahader.org\/?s={search_term_string}"},"query-input":{"@type":"PropertyValueSpecification","valueRequired":true,"valueName":"search_term_string"}}],"inLanguage":"tr"}]}},"_links":{"self":[{"href":"https:\/\/hahader.org\/index.php\/wp-json\/wp\/v2\/pages\/445","targetHints":{"allow":["GET"]}}],"collection":[{"href":"https:\/\/hahader.org\/index.php\/wp-json\/wp\/v2\/pages"}],"about":[{"href":"https:\/\/hahader.org\/index.php\/wp-json\/wp\/v2\/types\/page"}],"author":[{"embeddable":true,"href":"https:\/\/hahader.org\/index.php\/wp-json\/wp\/v2\/users\/1"}],"replies":[{"embeddable":true,"href":"https:\/\/hahader.org\/index.php\/wp-json\/wp\/v2\/comments?post=445"}],"version-history":[{"count":2,"href":"https:\/\/hahader.org\/index.php\/wp-json\/wp\/v2\/pages\/445\/revisions"}],"predecessor-version":[{"id":536,"href":"https:\/\/hahader.org\/index.php\/wp-json\/wp\/v2\/pages\/445\/revisions\/536"}],"wp:attachment":[{"href":"https:\/\/hahader.org\/index.php\/wp-json\/wp\/v2\/media?parent=445"}],"curies":[{"name":"wp","href":"https:\/\/api.w.org\/{rel}","templated":true}]}}