{"id":483,"date":"2025-11-18T12:57:18","date_gmt":"2025-11-18T12:57:18","guid":{"rendered":"https:\/\/hahader.org\/?page_id=483"},"modified":"2025-11-22T13:16:46","modified_gmt":"2025-11-22T13:16:46","slug":"kampanya-baslatma-rehberi","status":"publish","type":"page","link":"https:\/\/hahader.org\/index.php\/kampanya-baslatma-rehberi\/","title":{"rendered":"Kampanya Ba\u015flatma Rehberi"},"content":{"rendered":"\n<p class=\"has-text-align-center has-black-color has-text-color has-background has-link-color wp-elements-3ca599e6e3dbbd412e8eada96ea4a3c2\" style=\"background-color:#f7d28eed;font-size:20px\"><strong><em>\u0130yilik harekete ge\u00e7ti\u011finde b\u00fcy\u00fcr. Siz de kendi \u00e7evrenizde bir iyilik hareketi ba\u015flatmak isterseniz, bu rehber tam size g\u00f6re!<\/em><\/strong><\/p>\n\n\n\n<p><\/p>\n\n\n\n<p class=\"has-text-align-center has-black-color has-cyan-bluish-gray-background-color has-text-color has-background has-link-color wp-elements-db9c4d4a6006cccd89ee69d5074dacec\" style=\"font-size:24px\"> <strong>Kampanya Nedir?<\/strong><\/p>\n\n\n\n<p class=\"has-black-color has-text-color has-link-color wp-elements-4057e7130f4cecc2fb4eace3d7553d7a\" style=\"font-size:17px\">Kampanya, belirli bir ama\u00e7 i\u00e7in toplumdan destek toplamay\u0131 hedefleyen k\u0131sa s\u00fcreli bir iyilik projesidir.<br>HAHADER\u2019de kampanyalar:<br>\u2022 Sokak hayvanlar\u0131n\u0131n tedavi masraflar\u0131<br>\u2022 Mama ve bak\u0131m giderleri<br>\u2022 Rehabilitasyon ve bar\u0131nma projeleri<br>\u2022 Fidan ba\u011f\u0131\u015f\u0131 ve \u00e7evre projeleri<br>\u2022 Kl\u00fcbe yap\u0131m\u0131 ve alan kurulumu<\/p>\n\n\n\n<p class=\"has-black-color has-text-color has-link-color wp-elements-a4eea4797e572015c28b2776ee685c9d\" style=\"font-size:17px\">gibi ama\u00e7lar i\u00e7in ba\u015flat\u0131labilir.<\/p>\n\n\n\n<p><\/p>\n\n\n\n<p class=\"has-text-align-center has-black-color has-cyan-bluish-gray-background-color has-text-color has-background has-link-color wp-elements-e6f122214549ac7ce590a458bc23920b\" style=\"font-size:24px\"><strong> Kimler Kampanya Ba\u015flatabilir?<\/strong><\/p>\n\n\n\n<p class=\"has-black-color has-text-color has-link-color wp-elements-e2b4b3a870efc2df3064cdba41675106\" style=\"font-size:17px\"><br>\u2022 Bireysel destek\u00e7iler<br>\u2022 G\u00f6n\u00fcll\u00fcler<br>\u2022 Kurum ve i\u015fletmeler<br>\u2022 Okullar, \u00f6\u011frenci kul\u00fcpleri<br>\u2022 \u00d6\u011fretmenler, s\u0131n\u0131flar<br>\u2022 Kendi \u00f6zel g\u00fcn\u00fc i\u00e7in ba\u011f\u0131\u015f toplamak isteyen ki\u015filer<br>(do\u011fum g\u00fcn\u00fc, y\u0131ld\u00f6n\u00fcm\u00fc, kay\u0131p an\u0131s\u0131na vb.)<\/p>\n\n\n\n<p class=\"has-text-color has-link-color wp-elements-ae3f125a0680f2296732895afedc26c2\" style=\"color:#3a540b\"><\/p>\n\n\n\n<p><\/p>\n\n\n\n<p class=\"has-text-align-center has-black-color has-cyan-bluish-gray-background-color has-text-color has-background has-link-color wp-elements-e1b02667d54862be3437e8db7babada7\" style=\"font-size:24px\"><strong>Kampanya Ba\u015fvurusu Nas\u0131l Yap\u0131l\u0131r?<\/strong><\/p>\n\n\n\n<p class=\"has-text-align-center has-black-color has-text-color has-link-color wp-elements-e9ae201871601b98841acfe4f31eed1b\" style=\"font-size:17px\">Kampanya ba\u015fvurusu i\u00e7in formu doldurman\u0131z yeterlidir.<\/p>\n\n\n\n<div class=\"wp-block-buttons is-content-justification-center is-layout-flex wp-container-core-buttons-is-layout-8057eaf3 wp-block-buttons-is-layout-flex\">\n<div class=\"wp-block-button\"><a class=\"wp-block-button__link has-black-color has-text-color has-background has-link-color has-custom-font-size wp-element-button\" href=\"https:\/\/hahader.org\/index.php\/basvuru-formu-3\/\" style=\"background-color:#5391bb;font-size:23px\"><strong>KAMPANYA BA\u015eLAT BA\u015eVURU FORMU<\/strong><\/a><\/div>\n<\/div>\n\n\n\n<p class=\"has-text-color has-link-color wp-elements-cecd2b912526a381b194f56bea6234c3\" style=\"color:#3a540b;font-size:20px\"><\/p>\n\n\n\n<p class=\"has-text-align-center has-black-color has-cyan-bluish-gray-background-color has-text-color has-background has-link-color wp-elements-fbc64008d8c215a7a5d89e81625a1640\" style=\"font-size:24px\"><strong> Ba\u015fvuru Sonras\u0131 S\u00fcre\u00e7 Nas\u0131l \u0130\u015fler?<\/strong><\/p>\n\n\n\n<p class=\"has-black-color has-text-color has-link-color wp-elements-a90de560d7737db3193efbe0813cf77c\" style=\"font-size:17px\"><br>1. Form bize ula\u015ft\u0131ktan sonra 24\u201348 saat i\u00e7inde kampanyan\u0131z incelenir.<br>2. Gerekirse k\u00fc\u00e7\u00fck d\u00fczenlemeler i\u00e7in sizinle ileti\u015fime ge\u00e7ilir.<br>3. Kampanya HAHADER taraf\u0131ndan onaylan\u0131r ve yay\u0131nlan\u0131r.<br>4. Size \u00f6zel bir kampanya linki olu\u015fturulur.<br>5. Dilerseniz sosyal medya duyurular\u0131 beraber haz\u0131rlan\u0131r.<br>6. Kampanya s\u00fcresi boyunca ba\u011f\u0131\u015flar HAHADER sisteminde g\u00fcvenle toplan\u0131r.<br>7. Kampanya bitiminde size detayl\u0131 rapor payla\u015f\u0131l\u0131r.<\/p>\n\n\n\n<p><\/p>\n\n\n\n<p class=\"has-text-align-center has-black-color has-cyan-bluish-gray-background-color has-text-color has-background has-link-color wp-elements-408e8e64ccfd2bd9d7a9745ce581b9b4\" style=\"font-size:24px\"><strong>Kampanyan\u0131z\u0131 Nas\u0131l Duyurabilirsiniz?<\/strong><\/p>\n\n\n\n<p class=\"has-black-color has-text-color has-link-color wp-elements-9fa075175b9beb1f0352727f4c460225\" style=\"font-size:17px\"><strong>A) Sosyal Medyada<\/strong><br>\u2022 Hik\u00e2ye (story) format\u0131nda duyurular<br>\u2022 Sabit post<br>\u2022 \u201cLink sticker\u201d eklenmi\u015f duyuru g\u00f6rselleri<br>\u2022 Video \/ reels<br>\u2022 Yak\u0131n \u00e7evreye g\u00f6nderilebilecek haz\u0131r metinler<\/p>\n\n\n\n<p class=\"has-black-color has-text-color has-link-color wp-elements-cf44016a19d587f45ba90d037d6a7c2b\" style=\"font-size:17px\"><strong>B) Okul ve S\u0131n\u0131f Kampanyalar\u0131<\/strong><br>\u2022 S\u0131n\u0131f afi\u015fi<br>\u2022 WhatsApp duyurusu<br>\u2022 \u00d6\u011fretmenler i\u00e7in haz\u0131r metin<br>\u2022 Etkinlik g\u00fcn\u00fc (tohum topu, mama toplama, sunum vb.)<\/p>\n\n\n\n<p class=\"has-black-color has-text-color has-link-color wp-elements-80489eaaec40dd80d631be663dbe2b36\" style=\"font-size:17px\"><strong>C) Kurumsal Kampanyalar<\/strong><br>\u2022 Ofis i\u00e7i duyuru metni<br>\u2022 Mail \u015fablonu<br>\u2022 \u00c7al\u0131\u015fanlara \u00f6zel QR kodlu ba\u011f\u0131\u015f linki<br>\u2022 Kurumsal sosyal medya payla\u015f\u0131m\u0131<\/p>\n\n\n\n<p class=\"has-black-color has-text-color has-link-color wp-elements-39c7ccf286cd413eb271065026048190\" style=\"font-size:20px\"><\/p>\n\n\n\n<p class=\"has-text-align-center has-black-color has-text-color has-background has-link-color wp-elements-0a09ee786a89995e940f797c7fceca4e\" style=\"background-color:#f8acac;font-size:24px\"><strong> Kampanya T\u00fcrleri \u0130\u00e7in Yaz\u0131 \u00d6rnekleri<\/strong><\/p>\n\n\n\n<p class=\"has-black-color has-text-color has-link-color wp-elements-203ad084a166edcf6074893fa235b412\" style=\"font-size:17px\"><strong>\ud83d\udccc Do\u011fum G\u00fcn\u00fc Ba\u011f\u0131\u015f\u0131 Metni<\/strong><\/p>\n\n\n\n<p class=\"has-black-color has-text-color has-link-color wp-elements-bb592750d85b444a1bbb403a02b97493\" style=\"font-size:17px\">\u201cBu y\u0131l do\u011fum g\u00fcn\u00fcm\u00fc sokak hayvanlar\u0131 i\u00e7in bir iyilik kampanyas\u0131na d\u00f6n\u00fc\u015ft\u00fcr\u00fcyorum.<br>Hediye yerine bir can\u0131n hayat\u0131na dokunmak isterseniz, ba\u011f\u0131\u015f linkine g\u00f6z atabilirsiniz.\u201d<\/p>\n\n\n\n<p class=\"has-black-color has-text-color has-link-color wp-elements-4022e0bb845d7cc22e1475740bdab338\" style=\"font-size:17px\"><\/p>\n\n\n\n<p class=\"has-black-color has-text-color has-link-color wp-elements-6ef21c4fb92fcde25b2966815a1d5edf\" style=\"font-size:17px\"><strong>\ud83d\udccc Mama Ba\u011f\u0131\u015f\u0131 Kampanyas\u0131<\/strong><\/p>\n\n\n\n<p class=\"has-black-color has-text-color has-link-color wp-elements-7635668404d41f62494204d23eb5bf5b\" style=\"font-size:17px\">\u201cBu kampanyayla bar\u0131naktaki canlar\u0131n g\u00fcnl\u00fck mama ihtiya\u00e7lar\u0131n\u0131 kar\u015f\u0131lamak istiyoruz.<br>Bir kap mama, bir g\u00fcn daha ya\u015fam demek.\u201d<\/p>\n\n\n\n<p class=\"has-black-color has-text-color has-link-color wp-elements-4022e0bb845d7cc22e1475740bdab338\" style=\"font-size:17px\"><\/p>\n\n\n\n<p class=\"has-black-color has-text-color has-link-color wp-elements-b4ff5e7be2bec65510c57a9abea46753\" style=\"font-size:17px\"><strong>\ud83d\udccc Tedavi Destek Kampanyas\u0131<\/strong><\/p>\n\n\n\n<p class=\"has-black-color has-text-color has-link-color wp-elements-b4a4e6969c49fd24bc77304441fd2fb4\" style=\"font-size:17px\">\u201cBu kampanya, ameliyat ve klinik masraflar\u0131 devam eden canlar\u0131m\u0131z i\u00e7in ba\u015flat\u0131lm\u0131\u015ft\u0131r.<br>Her katk\u0131, onlar\u0131n iyile\u015fme yolundaki b\u00fcy\u00fck bir ad\u0131md\u0131r.\u201d<\/p>\n\n\n\n<p class=\"has-black-color has-text-color has-link-color wp-elements-4022e0bb845d7cc22e1475740bdab338\" style=\"font-size:17px\"><\/p>\n\n\n\n<p class=\"has-black-color has-text-color has-link-color wp-elements-6968944e82314c735abaa63fe1519824\" style=\"font-size:17px\"><strong>\ud83d\udccc Fidan Ba\u011f\u0131\u015f\u0131 Kampanyas\u0131<\/strong><\/p>\n\n\n\n<p class=\"has-black-color has-text-color has-link-color wp-elements-b3ddde233ed316fc187aa58f63853396\" style=\"font-size:17px\">\u201cDo\u011fa ve hayvanlar i\u00e7in s\u00fcrd\u00fcr\u00fclebilir bir ya\u015fam alan\u0131 yaratmak istiyoruz.<br>Ba\u011f\u0131\u015flad\u0131\u011f\u0131n\u0131z her fidan, t\u00fcm canl\u0131lara nefes olur.\u201d<\/p>\n\n\n\n<p><\/p>\n\n\n\n<p class=\"has-text-align-center has-black-color has-cyan-bluish-gray-background-color has-text-color has-background has-link-color wp-elements-f208a44418c190e09bfae750e5b8e1c5\" style=\"font-size:24px\"><strong>Kampanya Bitimi ve Raporlama<\/strong><\/p>\n\n\n\n<p class=\"has-black-color has-text-color has-link-color wp-elements-8e579badae34ae36d052a772b49f40e9\" style=\"font-size:17px\">Kampanya sona erdi\u011finde:<br>\u2022 Toplanan tutar<br>\u2022 Ka\u00e7 ba\u011f\u0131\u015f\u00e7\u0131n\u0131n destek verdi\u011fi<br>\u2022 Hedef ger\u00e7ekle\u015fme oran\u0131<br>\u2022 Harcama kalemleri (tedavi, mama, rehabilitasyon vb.)<br>\u2022 Kampanya te\u015fekk\u00fcr belgesi kampanya sahibine iletilir.<\/p>\n\n\n\n<p class=\"has-black-color has-text-color has-link-color wp-elements-ee06ea1a9a9e8dd110d0edf80f4815ab\" style=\"font-size:17px\">\u0130sterseniz sosyal medya i\u00e7in te\u015fekk\u00fcr g\u00f6rseli haz\u0131rlan\u0131r.<\/p>\n\n\n\n<p><\/p>\n\n\n\n<p class=\"has-text-align-center has-black-color has-cyan-bluish-gray-background-color has-text-color has-background has-link-color wp-elements-b44338ea7b3dba6efc5719b5061b0a39\" style=\"font-size:24px\"><strong>S\u0131k Sorulan Sorular<\/strong><\/p>\n\n\n\n<p class=\"has-black-color has-text-color has-link-color wp-elements-689cd4f14be9e3ae6d70d7a8c578ea4c\" style=\"font-size:17px\"><strong>Kampanya a\u00e7mak \u00fccretli mi?<\/strong><br>Hay\u0131r, tamamen \u00fccretsizdir.<\/p>\n\n\n\n<p class=\"has-black-color has-text-color has-link-color wp-elements-c3deacce688f1907e8a5301021d41cab\" style=\"font-size:17px\"><strong>Kampanya s\u00fcresi ne kadar olmal\u0131?<\/strong><br>Ortalama 7\u201330 g\u00fcn aras\u0131 en etkilisidir.<\/p>\n\n\n\n<p class=\"has-black-color has-text-color has-link-color wp-elements-57e59c32a439202d12d1fda430ceab40\" style=\"font-size:17px\"><strong>Kampanyay\u0131 kim y\u00f6netiyor?<\/strong><br>HAHADER onay\u0131yla sizinle birlikte y\u00fcr\u00fct\u00fcl\u00fcr.<\/p>\n\n\n\n<p class=\"has-black-color has-text-color has-link-color wp-elements-b68a419c0f04eebe22f3cbe94d2635db\" style=\"font-size:17px\"><strong>\u015eeffafl\u0131k nas\u0131l sa\u011flan\u0131yor?<\/strong><br>T\u00fcm ba\u011f\u0131\u015flar kay\u0131t alt\u0131nda tutulur, raporlan\u0131r ve talep edildi\u011finde sunulur.<\/p>\n\n\n\n<p><\/p>\n\n\n\n<p><\/p>\n\n\n\n<p class=\"has-text-align-center has-black-color has-text-color has-background has-link-color wp-elements-d330a6527aaced2b131c2087e6b54d09\" style=\"background-color:#ffdc82;font-size:19px\"><strong>Bir kampanya ba\u015flatmak; sadece bir ba\u011f\u0131\u015f toplamak de\u011fil, ayn\u0131 zamanda bir iyilik hareketi ba\u015flatmakt\u0131r. HAHADER olarak, bu yolculukta yan\u0131n\u0131zday\u0131z.<br>Deste\u011finiz, bir can\u0131n hayat\u0131n\u0131 de\u011fi\u015ftirir.<\/strong><\/p>\n","protected":false},"excerpt":{"rendered":"<p>\u0130yilik harekete ge\u00e7ti\u011finde b\u00fcy\u00fcr. Siz de kendi \u00e7evrenizde bir iyilik hareketi ba\u015flatmak isterseniz, bu rehber tam size g\u00f6re! Kampanya Nedir? Kampanya, belirli bir ama\u00e7 i\u00e7in toplumdan destek toplamay\u0131 hedefleyen k\u0131sa s\u00fcreli bir iyilik projesidir.HAHADER\u2019de kampanyalar:\u2022 Sokak hayvanlar\u0131n\u0131n tedavi masraflar\u0131\u2022 Mama ve bak\u0131m giderleri\u2022 Rehabilitasyon ve bar\u0131nma projeleri\u2022 Fidan ba\u011f\u0131\u015f\u0131 ve \u00e7evre projeleri\u2022 Kl\u00fcbe yap\u0131m\u0131 ve&#8230;<\/p>\n","protected":false},"author":1,"featured_media":0,"parent":0,"menu_order":0,"comment_status":"closed","ping_status":"closed","template":"","meta":{"_kadence_starter_templates_imported_post":false,"_kad_post_transparent":"","_kad_post_title":"","_kad_post_layout":"","_kad_post_sidebar_id":"","_kad_post_content_style":"","_kad_post_vertical_padding":"","_kad_post_feature":"","_kad_post_feature_position":"","_kad_post_header":false,"_kad_post_footer":false,"_kad_post_classname":"","footnotes":""},"class_list":["post-483","page","type-page","status-publish","hentry"],"yoast_head":"<!-- This site is optimized with the Yoast SEO plugin v26.0 - https:\/\/yoast.com\/wordpress\/plugins\/seo\/ -->\n<title>Kampanya Ba\u015flatma Rehberi -<\/title>\n<meta name=\"robots\" content=\"index, follow, max-snippet:-1, max-image-preview:large, max-video-preview:-1\" \/>\n<link rel=\"canonical\" href=\"https:\/\/hahader.org\/index.php\/kampanya-baslatma-rehberi\/\" \/>\n<meta property=\"og:locale\" content=\"tr_TR\" \/>\n<meta property=\"og:type\" content=\"article\" \/>\n<meta property=\"og:title\" content=\"Kampanya Ba\u015flatma Rehberi -\" \/>\n<meta property=\"og:description\" content=\"\u0130yilik harekete ge\u00e7ti\u011finde b\u00fcy\u00fcr. Siz de kendi \u00e7evrenizde bir iyilik hareketi ba\u015flatmak isterseniz, bu rehber tam size g\u00f6re! Kampanya Nedir? Kampanya, belirli bir ama\u00e7 i\u00e7in toplumdan destek toplamay\u0131 hedefleyen k\u0131sa s\u00fcreli bir iyilik projesidir.HAHADER\u2019de kampanyalar:\u2022 Sokak hayvanlar\u0131n\u0131n tedavi masraflar\u0131\u2022 Mama ve bak\u0131m giderleri\u2022 Rehabilitasyon ve bar\u0131nma projeleri\u2022 Fidan ba\u011f\u0131\u015f\u0131 ve \u00e7evre projeleri\u2022 Kl\u00fcbe yap\u0131m\u0131 ve...\" \/>\n<meta property=\"og:url\" content=\"https:\/\/hahader.org\/index.php\/kampanya-baslatma-rehberi\/\" \/>\n<meta property=\"article:modified_time\" content=\"2025-11-22T13:16:46+00:00\" \/>\n<meta name=\"twitter:card\" content=\"summary_large_image\" \/>\n<meta name=\"twitter:label1\" content=\"Tahmini okuma s\u00fcresi\" \/>\n\t<meta name=\"twitter:data1\" content=\"3 dakika\" \/>\n<script type=\"application\/ld+json\" class=\"yoast-schema-graph\">{\"@context\":\"https:\/\/schema.org\",\"@graph\":[{\"@type\":\"WebPage\",\"@id\":\"https:\/\/hahader.org\/index.php\/kampanya-baslatma-rehberi\/\",\"url\":\"https:\/\/hahader.org\/index.php\/kampanya-baslatma-rehberi\/\",\"name\":\"Kampanya Ba\u015flatma Rehberi -\",\"isPartOf\":{\"@id\":\"https:\/\/hahader.org\/#website\"},\"datePublished\":\"2025-11-18T12:57:18+00:00\",\"dateModified\":\"2025-11-22T13:16:46+00:00\",\"breadcrumb\":{\"@id\":\"https:\/\/hahader.org\/index.php\/kampanya-baslatma-rehberi\/#breadcrumb\"},\"inLanguage\":\"tr\",\"potentialAction\":[{\"@type\":\"ReadAction\",\"target\":[\"https:\/\/hahader.org\/index.php\/kampanya-baslatma-rehberi\/\"]}]},{\"@type\":\"BreadcrumbList\",\"@id\":\"https:\/\/hahader.org\/index.php\/kampanya-baslatma-rehberi\/#breadcrumb\",\"itemListElement\":[{\"@type\":\"ListItem\",\"position\":1,\"name\":\"Anasayfa\",\"item\":\"https:\/\/hahader.org\/\"},{\"@type\":\"ListItem\",\"position\":2,\"name\":\"Kampanya Ba\u015flatma Rehberi\"}]},{\"@type\":\"WebSite\",\"@id\":\"https:\/\/hahader.org\/#website\",\"url\":\"https:\/\/hahader.org\/\",\"name\":\"\",\"description\":\"\",\"potentialAction\":[{\"@type\":\"SearchAction\",\"target\":{\"@type\":\"EntryPoint\",\"urlTemplate\":\"https:\/\/hahader.org\/?s={search_term_string}\"},\"query-input\":{\"@type\":\"PropertyValueSpecification\",\"valueRequired\":true,\"valueName\":\"search_term_string\"}}],\"inLanguage\":\"tr\"}]}<\/script>\n<!-- \/ Yoast SEO plugin. -->","yoast_head_json":{"title":"Kampanya Ba\u015flatma Rehberi -","robots":{"index":"index","follow":"follow","max-snippet":"max-snippet:-1","max-image-preview":"max-image-preview:large","max-video-preview":"max-video-preview:-1"},"canonical":"https:\/\/hahader.org\/index.php\/kampanya-baslatma-rehberi\/","og_locale":"tr_TR","og_type":"article","og_title":"Kampanya Ba\u015flatma Rehberi -","og_description":"\u0130yilik harekete ge\u00e7ti\u011finde b\u00fcy\u00fcr. Siz de kendi \u00e7evrenizde bir iyilik hareketi ba\u015flatmak isterseniz, bu rehber tam size g\u00f6re! Kampanya Nedir? Kampanya, belirli bir ama\u00e7 i\u00e7in toplumdan destek toplamay\u0131 hedefleyen k\u0131sa s\u00fcreli bir iyilik projesidir.HAHADER\u2019de kampanyalar:\u2022 Sokak hayvanlar\u0131n\u0131n tedavi masraflar\u0131\u2022 Mama ve bak\u0131m giderleri\u2022 Rehabilitasyon ve bar\u0131nma projeleri\u2022 Fidan ba\u011f\u0131\u015f\u0131 ve \u00e7evre projeleri\u2022 Kl\u00fcbe yap\u0131m\u0131 ve...","og_url":"https:\/\/hahader.org\/index.php\/kampanya-baslatma-rehberi\/","article_modified_time":"2025-11-22T13:16:46+00:00","twitter_card":"summary_large_image","twitter_misc":{"Tahmini okuma s\u00fcresi":"3 dakika"},"schema":{"@context":"https:\/\/schema.org","@graph":[{"@type":"WebPage","@id":"https:\/\/hahader.org\/index.php\/kampanya-baslatma-rehberi\/","url":"https:\/\/hahader.org\/index.php\/kampanya-baslatma-rehberi\/","name":"Kampanya Ba\u015flatma Rehberi -","isPartOf":{"@id":"https:\/\/hahader.org\/#website"},"datePublished":"2025-11-18T12:57:18+00:00","dateModified":"2025-11-22T13:16:46+00:00","breadcrumb":{"@id":"https:\/\/hahader.org\/index.php\/kampanya-baslatma-rehberi\/#breadcrumb"},"inLanguage":"tr","potentialAction":[{"@type":"ReadAction","target":["https:\/\/hahader.org\/index.php\/kampanya-baslatma-rehberi\/"]}]},{"@type":"BreadcrumbList","@id":"https:\/\/hahader.org\/index.php\/kampanya-baslatma-rehberi\/#breadcrumb","itemListElement":[{"@type":"ListItem","position":1,"name":"Anasayfa","item":"https:\/\/hahader.org\/"},{"@type":"ListItem","position":2,"name":"Kampanya Ba\u015flatma Rehberi"}]},{"@type":"WebSite","@id":"https:\/\/hahader.org\/#website","url":"https:\/\/hahader.org\/","name":"","description":"","potentialAction":[{"@type":"SearchAction","target":{"@type":"EntryPoint","urlTemplate":"https:\/\/hahader.org\/?s={search_term_string}"},"query-input":{"@type":"PropertyValueSpecification","valueRequired":true,"valueName":"search_term_string"}}],"inLanguage":"tr"}]}},"_links":{"self":[{"href":"https:\/\/hahader.org\/index.php\/wp-json\/wp\/v2\/pages\/483","targetHints":{"allow":["GET"]}}],"collection":[{"href":"https:\/\/hahader.org\/index.php\/wp-json\/wp\/v2\/pages"}],"about":[{"href":"https:\/\/hahader.org\/index.php\/wp-json\/wp\/v2\/types\/page"}],"author":[{"embeddable":true,"href":"https:\/\/hahader.org\/index.php\/wp-json\/wp\/v2\/users\/1"}],"replies":[{"embeddable":true,"href":"https:\/\/hahader.org\/index.php\/wp-json\/wp\/v2\/comments?post=483"}],"version-history":[{"count":13,"href":"https:\/\/hahader.org\/index.php\/wp-json\/wp\/v2\/pages\/483\/revisions"}],"predecessor-version":[{"id":1002,"href":"https:\/\/hahader.org\/index.php\/wp-json\/wp\/v2\/pages\/483\/revisions\/1002"}],"wp:attachment":[{"href":"https:\/\/hahader.org\/index.php\/wp-json\/wp\/v2\/media?parent=483"}],"curies":[{"name":"wp","href":"https:\/\/api.w.org\/{rel}","templated":true}]}}