{"id":9,"date":"2025-10-05T20:03:06","date_gmt":"2025-10-05T20:03:06","guid":{"rendered":"https:\/\/hayader.org\/?page_id=9"},"modified":"2025-11-24T16:36:39","modified_gmt":"2025-11-24T16:36:39","slug":"ana-sayfa","status":"publish","type":"page","link":"https:\/\/hahader.org\/","title":{"rendered":"YA\u015eAM HAKKI HER CANLI \u0130\u00c7\u0130ND\u0130R"},"content":{"rendered":"\n\n\n\n<h2 class=\"wp-block-heading alignwide\"><\/h2>\n\n\n\n<h4 class=\"wp-block-heading alignwide has-text-align-center has-medium-font-size\"><strong>T\u00fcm canl\u0131lar\u0131n ya\u015fam hakk\u0131n\u0131 korumak, do\u011fa ile uyumlu bir d\u00fcnyan\u0131n m\u00fcmk\u00fcn oldu\u011funa inan\u0131yoruz.<br>Sokak hayvanlar\u0131ndan yaban ya\u015fam\u0131na kadar, her canl\u0131n\u0131n refah\u0131 i\u00e7in \u00e7al\u0131\u015f\u0131yoruz.<\/strong><\/h4>\n\n\n\n<blockquote class=\"wp-block-quote alignwide has-text-align-center is-layout-flow wp-block-quote-is-layout-flow\">\n<h4 class=\"wp-block-heading has-text-align-center\" style=\"font-size:20px\"><strong>Birlikte daha merhametli, daha ya\u015fanabilir bir d\u00fcnya kurabiliriz.<\/strong><\/h4>\n<\/blockquote>\n\n\n\n<p><\/p>\n","protected":false},"excerpt":{"rendered":"<p>T\u00fcm canl\u0131lar\u0131n ya\u015fam hakk\u0131n\u0131 korumak, do\u011fa ile uyumlu bir d\u00fcnyan\u0131n m\u00fcmk\u00fcn oldu\u011funa inan\u0131yoruz.Sokak hayvanlar\u0131ndan yaban ya\u015fam\u0131na kadar, her canl\u0131n\u0131n refah\u0131 i\u00e7in \u00e7al\u0131\u015f\u0131yoruz. Birlikte daha merhametli, daha ya\u015fanabilir bir d\u00fcnya kurabiliriz.<\/p>\n","protected":false},"author":1,"featured_media":0,"parent":0,"menu_order":0,"comment_status":"closed","ping_status":"closed","template":"","meta":{"_kadence_starter_templates_imported_post":false,"_kad_post_transparent":"disable","_kad_post_title":"hide","_kad_post_layout":"fullwidth","_kad_post_sidebar_id":"","_kad_post_content_style":"unboxed","_kad_post_vertical_padding":"hide","_kad_post_feature":"hide","_kad_post_feature_position":"","_kad_post_header":false,"_kad_post_footer":false,"_kad_post_classname":"","footnotes":""},"class_list":["post-9","page","type-page","status-publish","hentry"],"yoast_head":"<!-- This site is optimized with the Yoast SEO plugin v26.0 - https:\/\/yoast.com\/wordpress\/plugins\/seo\/ -->\n<title>YA\u015eAM HAKKI HER CANLI \u0130\u00c7\u0130ND\u0130R -<\/title>\n<meta name=\"robots\" content=\"index, follow, max-snippet:-1, max-image-preview:large, max-video-preview:-1\" \/>\n<link rel=\"canonical\" href=\"https:\/\/hahader.org\/\" \/>\n<meta property=\"og:locale\" content=\"tr_TR\" \/>\n<meta property=\"og:type\" content=\"article\" \/>\n<meta property=\"og:title\" content=\"YA\u015eAM HAKKI HER CANLI \u0130\u00c7\u0130ND\u0130R -\" \/>\n<meta property=\"og:description\" content=\"T\u00fcm canl\u0131lar\u0131n ya\u015fam hakk\u0131n\u0131 korumak, do\u011fa ile uyumlu bir d\u00fcnyan\u0131n m\u00fcmk\u00fcn oldu\u011funa inan\u0131yoruz.Sokak hayvanlar\u0131ndan yaban ya\u015fam\u0131na kadar, her canl\u0131n\u0131n refah\u0131 i\u00e7in \u00e7al\u0131\u015f\u0131yoruz. Birlikte daha merhametli, daha ya\u015fanabilir bir d\u00fcnya kurabiliriz.\" \/>\n<meta property=\"og:url\" content=\"https:\/\/hahader.org\/\" \/>\n<meta property=\"article:modified_time\" content=\"2025-11-24T16:36:39+00:00\" \/>\n<meta name=\"twitter:card\" content=\"summary_large_image\" \/>\n<meta name=\"twitter:label1\" content=\"Tahmini okuma s\u00fcresi\" \/>\n\t<meta name=\"twitter:data1\" content=\"1 dakika\" \/>\n<script type=\"application\/ld+json\" class=\"yoast-schema-graph\">{\"@context\":\"https:\/\/schema.org\",\"@graph\":[{\"@type\":\"WebPage\",\"@id\":\"https:\/\/hahader.org\/\",\"url\":\"https:\/\/hahader.org\/\",\"name\":\"YA\u015eAM HAKKI HER CANLI \u0130\u00c7\u0130ND\u0130R -\",\"isPartOf\":{\"@id\":\"https:\/\/hahader.org\/#website\"},\"datePublished\":\"2025-10-05T20:03:06+00:00\",\"dateModified\":\"2025-11-24T16:36:39+00:00\",\"breadcrumb\":{\"@id\":\"https:\/\/hahader.org\/#breadcrumb\"},\"inLanguage\":\"tr\",\"potentialAction\":[{\"@type\":\"ReadAction\",\"target\":[\"https:\/\/hahader.org\/\"]}]},{\"@type\":\"BreadcrumbList\",\"@id\":\"https:\/\/hahader.org\/#breadcrumb\",\"itemListElement\":[{\"@type\":\"ListItem\",\"position\":1,\"name\":\"Anasayfa\",\"item\":\"https:\/\/hahader.org\/\"},{\"@type\":\"ListItem\",\"position\":2,\"name\":\"YA\u015eAM HAKKI HER CANLI \u0130\u00c7\u0130ND\u0130R\"}]},{\"@type\":\"WebSite\",\"@id\":\"https:\/\/hahader.org\/#website\",\"url\":\"https:\/\/hahader.org\/\",\"name\":\"\",\"description\":\"\",\"potentialAction\":[{\"@type\":\"SearchAction\",\"target\":{\"@type\":\"EntryPoint\",\"urlTemplate\":\"https:\/\/hahader.org\/?s={search_term_string}\"},\"query-input\":{\"@type\":\"PropertyValueSpecification\",\"valueRequired\":true,\"valueName\":\"search_term_string\"}}],\"inLanguage\":\"tr\"}]}<\/script>\n<!-- \/ Yoast SEO plugin. -->","yoast_head_json":{"title":"YA\u015eAM HAKKI HER CANLI \u0130\u00c7\u0130ND\u0130R -","robots":{"index":"index","follow":"follow","max-snippet":"max-snippet:-1","max-image-preview":"max-image-preview:large","max-video-preview":"max-video-preview:-1"},"canonical":"https:\/\/hahader.org\/","og_locale":"tr_TR","og_type":"article","og_title":"YA\u015eAM HAKKI HER CANLI \u0130\u00c7\u0130ND\u0130R -","og_description":"T\u00fcm canl\u0131lar\u0131n ya\u015fam hakk\u0131n\u0131 korumak, do\u011fa ile uyumlu bir d\u00fcnyan\u0131n m\u00fcmk\u00fcn oldu\u011funa inan\u0131yoruz.Sokak hayvanlar\u0131ndan yaban ya\u015fam\u0131na kadar, her canl\u0131n\u0131n refah\u0131 i\u00e7in \u00e7al\u0131\u015f\u0131yoruz. Birlikte daha merhametli, daha ya\u015fanabilir bir d\u00fcnya kurabiliriz.","og_url":"https:\/\/hahader.org\/","article_modified_time":"2025-11-24T16:36:39+00:00","twitter_card":"summary_large_image","twitter_misc":{"Tahmini okuma s\u00fcresi":"1 dakika"},"schema":{"@context":"https:\/\/schema.org","@graph":[{"@type":"WebPage","@id":"https:\/\/hahader.org\/","url":"https:\/\/hahader.org\/","name":"YA\u015eAM HAKKI HER CANLI \u0130\u00c7\u0130ND\u0130R -","isPartOf":{"@id":"https:\/\/hahader.org\/#website"},"datePublished":"2025-10-05T20:03:06+00:00","dateModified":"2025-11-24T16:36:39+00:00","breadcrumb":{"@id":"https:\/\/hahader.org\/#breadcrumb"},"inLanguage":"tr","potentialAction":[{"@type":"ReadAction","target":["https:\/\/hahader.org\/"]}]},{"@type":"BreadcrumbList","@id":"https:\/\/hahader.org\/#breadcrumb","itemListElement":[{"@type":"ListItem","position":1,"name":"Anasayfa","item":"https:\/\/hahader.org\/"},{"@type":"ListItem","position":2,"name":"YA\u015eAM HAKKI HER CANLI \u0130\u00c7\u0130ND\u0130R"}]},{"@type":"WebSite","@id":"https:\/\/hahader.org\/#website","url":"https:\/\/hahader.org\/","name":"","description":"","potentialAction":[{"@type":"SearchAction","target":{"@type":"EntryPoint","urlTemplate":"https:\/\/hahader.org\/?s={search_term_string}"},"query-input":{"@type":"PropertyValueSpecification","valueRequired":true,"valueName":"search_term_string"}}],"inLanguage":"tr"}]}},"_links":{"self":[{"href":"https:\/\/hahader.org\/index.php\/wp-json\/wp\/v2\/pages\/9","targetHints":{"allow":["GET"]}}],"collection":[{"href":"https:\/\/hahader.org\/index.php\/wp-json\/wp\/v2\/pages"}],"about":[{"href":"https:\/\/hahader.org\/index.php\/wp-json\/wp\/v2\/types\/page"}],"author":[{"embeddable":true,"href":"https:\/\/hahader.org\/index.php\/wp-json\/wp\/v2\/users\/1"}],"replies":[{"embeddable":true,"href":"https:\/\/hahader.org\/index.php\/wp-json\/wp\/v2\/comments?post=9"}],"version-history":[{"count":15,"href":"https:\/\/hahader.org\/index.php\/wp-json\/wp\/v2\/pages\/9\/revisions"}],"predecessor-version":[{"id":1063,"href":"https:\/\/hahader.org\/index.php\/wp-json\/wp\/v2\/pages\/9\/revisions\/1063"}],"wp:attachment":[{"href":"https:\/\/hahader.org\/index.php\/wp-json\/wp\/v2\/media?parent=9"}],"curies":[{"name":"wp","href":"https:\/\/api.w.org\/{rel}","templated":true}]}}